t is the greatest common divisor of q and y?
14
Let z be (1862/(-21))/(5/(30/(-4))). Calculate the greatest common divisor of 19 and z.
19
Let i = 212 - 135. Suppose -i + 25 = -4*q. What is the greatest common factor of q and 65?
13
Let h(k) = 3*k**2 - 6*k + 9. Let t be h(3). Let a(n) = -n**3 + n**2 + 3*n + 3. Let u be a(-2). Calculate the highest common factor of t and u.
9
Let d(n) = 29*n - 20. Let j(b) = 4*b - 4. Let r be j(2). Let h be d(r). Calculate the greatest common factor of h and 144.
48
Suppose -v + 60 = -17. Let c = v + -38. Calculate the highest common factor of c and 78.
39
Suppose 8*g = 11*g + 5*q - 1794, -1821 = -3*g + 4*q. Calculate the greatest common divisor of 18 and g.
9
Suppose q - 19 = 5*g - 2*q, 2*q - 6 = 0. Let o be (-2 + -1)*g/3. Suppose 4*a = o*k - 186, 3*a = 4*k + k - 437. What is the greatest common divisor of k and 17?
17
Let u be -2 + ((-27)/(-6))/(-9)*-18. Let x be 10/(-2)*(u - 10 - 29). Calculate the highest common factor of 10 and x.
10
Let d be (24 - (1 - -1)) + (18 - 20). Calculate the greatest common divisor of d and 60.
20
Let a = 134 + -85. What is the greatest common factor of a and 1?
1
Let w = -29 + 33. Let c = w + -1. Suppose c*y + 2*y = 45. Calculate the greatest common divisor of 6 and y.
3
Let q(i) = -i**3 - 16*i**2 - 29*i - 11. Let f be q(-14). Suppose 2*j - 93 = -3*r - f*j, -j = -3. Calculate the highest common factor of 78 and r.
26
Let h(q) = q**2 - 42*q - 171. Let u be h(-4). Calculate the highest common divisor of u and 13.
13
Let v be ((-6)/4)/((-81)/5994). What is the highest common factor of v and 74?
37
Let h = 247 - 215. Calculate the greatest common divisor of h and 352.
32
Let l(c) = -c**3 + 15*c**2 - 14*c - 20. Let t be l(14). Let o = t + 33. What is the highest common factor of 13 and o?
13
Suppose 0 = 5*i - 3*i - 6. Suppose 5*l = -18 - 2, i*l = -3*t + 3. Let j = -974 - -976. What is the highest common factor of j and t?
1
Let r = 476 - 292. Calculate the highest common factor of r and 8.
8
Suppose -u + 59 = 2*u - 5*q, -2*u = 5*q - 81. What is the greatest common factor of 196 and u?
28
Let t be (7/14)/(1/4). Suppose -f + x + 103 + 17 = 0, -237 = -t*f - x. What is the greatest common factor of f and 17?
17
Let b be 6/10 + 252/(-20). Let d = 45 + -46. Let t be (d - -11)*b/(-30). What is the highest common factor of 8 and t?
4
Suppose 0 = u - 5*u + 684. Let w(t) = 2*t**2 + 296*t + 1449. Let j be w(-5). What is the greatest common factor of u and j?
19
Let s(l) = 3*l**3 - l**2 - 2*l + 6. Let k be s(2). What is the greatest common divisor of 330 and k?
22
Suppose -3*x - 6*x + 108 = 0. Suppose 4*l - x = 0, 3*f = -l + 81 + 222. What is the highest common factor of f and 40?
20
Suppose 151 = -5*x + 181. What is the highest common factor of 21 and x?
3
Let o(j) = -j - 2. Let l be o(-7). Suppose -l = -3*x + 13. Suppose -k - k + x = 0. Calculate the highest common factor of 3 and k.
3
Let j = -1838 - -2114. What is the greatest common divisor of j and 759?
69
Let z(y) = 34*y + 2. Let r be z(-5). Let f = 284 + r. Calculate the highest common divisor of 29 and f.
29
Let z(c) = 3*c - 16. Let w(y) = -y**3 - 3*y**2 + 4*y + 8. Let l be w(-4). Let v be z(l). What is the greatest common divisor of 40 and v?
8
Let w(q) = -5*q + 78. Let o be w(5). Calculate the highest common divisor of 2 and o.
1
Let n be (-4 - 0)/((-6)/9). Let i = 554 + -488. What is the highest common divisor of i and n?
6
Let c = 149 - 86. Suppose -5*q + 3*j = -3*q - 39, -2*q + j + 37 = 0. Calculate the greatest common divisor of c and q.
9
Let m = 214 - 170. Calculate the greatest common divisor of m and 8.
4
Let m = -139 - -164. Let x = 14 - 25. Let t be (0 - -1)*(-1 - x). What is the highest common factor of m and t?
5
Suppose -25 = -5*h, -2*i = -7*i + 2*h - 170. Let t(q) = -q - 11. Let f be t(10). Let c = f - i. Calculate the greatest common divisor of c and 44.
11
Let v = -128 - -132. Suppose -4*f - 4*n = -9 - 75, f - 31 = -3*n. Calculate the greatest common divisor of v and f.
4
Let i(u) = -u**3 - 6*u**2 + 26*u - 8. Let q be i(-9). Let j be (-2 - 1)/(-1) + 2. Calculate the greatest common factor of j and q.
1
Let w = -43 + 65. Let o be (-4)/10 - -4*w/20. Calculate the highest common factor of 1 and o.
1
Let m(q) = -15*q**2 - 14*q - 15. Let u(z) = -z**3 + z**2 + z + 1. Let k(v) = -m(v) - u(v). Let a be k(-13). Calculate the greatest common divisor of 154 and a.
14
Suppose 1050 = 41*u - 39*u. Calculate the highest common factor of u and 70.
35
Suppose 6 = 5*i - 14. Suppose d = 5*y - 0*d + 706, 0 = -i*d - 16. Let n = 230 + y. Calculate the highest common factor of 8 and n.
8
Let u = 425 - 217. What is the highest common factor of 156 and u?
52
Let m be 376*21/(-105)*(-10)/4. What is the highest common divisor of 141 and m?
47
Let j be -3 + 2 + -2 + 33. Let w = j + -25. Suppose 2*k = -4*t + 83 - 21, -w*k = -2*t + 1. What is the highest common divisor of t and 39?
13
Let o(a) = a**2 + 5*a - 4. Let f be -1*1*(-2 - -6). Let k be o(f). Let h = k - -12. What is the greatest common factor of 12 and h?
4
Let j(z) = -190*z + 38. Let q be j(-6). Calculate the highest common factor of q and 38.
38
Let j(q) = -20*q - 143. Let k be j(-55). Calculate the greatest common factor of k and 33.
33
Let k be (162/24 + -3)*80/15. Let d be 1/2 - 558/(-4). What is the highest common divisor of d and k?
20
Suppose -4*w + q + 10 = 0, -15 - 1 = -2*w - 5*q. Let v = 3 - w. Suppose 2*n - 190 + 46 = v. What is the highest common divisor of n and 9?
9
Let k be 3 + (-5)/((-10)/(-4)). Suppose 9*p - 12 - 33 = 0. Calculate the greatest common divisor of p and k.
1
Suppose 45*j = 50*j - 5015. What is the greatest common factor of 17 and j?
17
Suppose -12*a + 13*a = 2. Suppose 0 = -2*m + 4*u + 22, -a*u + 4*u - 46 = -2*m. What is the highest common divisor of 19 and m?
19
Suppose 395 + 715 = 37*o. What is the highest common divisor of 25 and o?
5
Let n(k) = 4*k**2 + 14*k + 11. Let w(c) = 5*c**2 + 14*c + 10. Let p(y) = -6*n(y) + 5*w(y). Let g be p(16). What is the highest common factor of 144 and g?
16
Let c(h) = 2*h - 3. Let p(d) = -5*d + 10. Let t(b) = 11*c(b) + 4*p(b). Let y be t(-5). Let o be 1*(2 + y - -47). What is the greatest common factor of 23 and o?
23
Suppose 28 = -g + 5*g. Suppose -5*l + 3*b = -0*l + 4, -5*l = 2*b - 11. Calculate the greatest common factor of l and g.
1
Let s(x) = -x**2 + 11*x - 2. Let v be s(9). Suppose b - 13 = v. Calculate the highest common divisor of b and 261.
29
Suppose 0 = 3*o - 350 + 116. Let f be ((-6)/9)/((-4)/o). What is the greatest common divisor of f and 13?
13
Let u be 1 + (18 + 2)/5. Let p be (8/10)/(u/125). Calculate the greatest common factor of 20 and p.
20
Let b(h) = 17*h + 600. Let s be b(-26). What is the greatest common divisor of 1343 and s?
79
Let y be (-5 + (-410)/(-50))*(-205)/(-2). Calculate the highest common divisor of 123 and y.
41
Let l(r) = -24*r + 2. Let v be l(-2). What is the highest common factor of v and 200?
50
Suppose -9*v = -7*v + 18. Let k(h) = h**2 + 9*h + 3. Let u be k(v). Calculate the highest common divisor of u and 9.
3
Let a(v) = 0 + 3 + 1 - v - 3. Let h be a(5). Let d be 0 + 0 - h*2. What is the highest common factor of 2 and d?
2
Let i = 92 + -7. Let b = i - 21. What is the highest common divisor of 8 and b?
8
Let a be 4*2/(-76) - 90600/(-76). What is the greatest common divisor of a and 8?
8
Let d(k) = 9*k**3 - 17*k**2 + 16*k + 1. Let g be d(1). What is the highest common divisor of 99 and g?
9
Let r(s) = 7*s**2 - 129*s - 61. Let f be r(19). What is the greatest common divisor of 465 and f?
15
Suppose 2*s = -0*s + 240. Suppose 53 = -x + 4*c, 2*x + 54 + 2 = -2*c. Let o = x - -48. What is the highest common divisor of o and s?
15
Suppose 5*z + 15*x - 10*x = 165, 3*x = 3*z - 99. Calculate the highest common factor of z and 143.
11
Suppose -876*r + 887*r = 1210. Calculate the greatest common factor of r and 550.
110
Suppose -8 = 3*m - 56. Let r(b) = -b**2 + 29*b - 22. Let q be r(27). What is the highest common divisor of m and q?
16
Suppose 0 = 4*w - 58 - 18. Suppose -w*p = -24*p + 130. Calculate the highest common divisor of 39 and p.
13
Let v(j) = 11*j - 103. Let b be v(17). What is the greatest common factor of b and 70?
14
Let u be (1694/(-33))/((-1)/6). Let x = 26 - -2. What is the